{"id":100,"date":"2025-11-05T13:07:06","date_gmt":"2025-11-05T16:07:06","guid":{"rendered":"https:\/\/smwork.com.br\/?page_id=100"},"modified":"2025-11-05T13:07:07","modified_gmt":"2025-11-05T16:07:07","slug":"servicos","status":"publish","type":"page","link":"https:\/\/smwork.com.br\/?page_id=100","title":{"rendered":"Servi\u00e7os"},"content":{"rendered":"\n<figure class=\"wp-block-image size-large\"><img loading=\"lazy\" decoding=\"async\" width=\"1024\" height=\"10\" src=\"http:\/\/smwork.com.br\/wp-content\/uploads\/2025\/11\/img_barra_separadora-1024x10.jpg\" alt=\"\" class=\"wp-image-81\" srcset=\"https:\/\/smwork.com.br\/wp-content\/uploads\/2025\/11\/img_barra_separadora-1024x10.jpg 1024w, https:\/\/smwork.com.br\/wp-content\/uploads\/2025\/11\/img_barra_separadora-300x3.jpg 300w, https:\/\/smwork.com.br\/wp-content\/uploads\/2025\/11\/img_barra_separadora-768x7.jpg 768w, https:\/\/smwork.com.br\/wp-content\/uploads\/2025\/11\/img_barra_separadora.jpg 1347w\" sizes=\"auto, (max-width: 1024px) 100vw, 1024px\" \/><\/figure>\n\n\n\n<ul class=\"wp-block-list\">\n<li>Assessoria Jur\u00eddica especializada para <strong>empresas<\/strong>,<ul><li>processos licitat\u00f3rios (Concorr\u00eancia P\u00fablica, Tomada de Pre\u00e7os, Convite, Preg\u00e3o Presencial e Eletr\u00f4nico, Leil\u00e3o e Concursos),<\/li><\/ul><ul><li>dispensa e inexigibilidade,<\/li><\/ul><ul><li>Contratos Administrativos,<\/li><\/ul><ul><li>Termos Aditivos,<\/li><\/ul><ul><li>Repactua\u00e7\u00f5es e Reprograma\u00e7\u00f5es,<\/li><\/ul><ul><li>Apostilamentos,<\/li><\/ul>\n<ul class=\"wp-block-list\">\n<li>Presta\u00e7\u00e3o de Contas, at\u00e9 a conclus\u00e3o do contrato.<\/li>\n<\/ul>\n<\/li>\n<\/ul>\n\n\n\n<p>Estamos preparados para o monitoramento constante dos editais abertos, informando aos nossos clientes sobre as oportunidades de neg\u00f3cios oferecidas pelos \u00f3rg\u00e3os p\u00fablicos, de acordo com sua \u00e1rea de atua\u00e7\u00e3o.<\/p>\n\n\n\n<ul class=\"wp-block-list\">\n<li>Assessoria T\u00e9cnica e Jur\u00eddica <strong>para entidades p\u00fablica e privadas sem fins lucrativos<\/strong> com especial aten\u00e7\u00e3o aos seguintes servi\u00e7os:\n<ul class=\"wp-block-list\">\n<li>Obten\u00e7\u00e3o de recursos oriundos de Transfer\u00eancias Volunt\u00e1rias, seja por meio de:<ul><li>1. Editais de Chamamento P\u00fablico,<\/li><\/ul><ul><li>2. Proponentes Espec\u00edficos (recursos pr\u00f3prios),<\/li><\/ul>\n<ul class=\"wp-block-list\">\n<li>3. Emendas Parlamentares.<\/li>\n<\/ul>\n<\/li>\n<\/ul>\n<\/li>\n<\/ul>\n\n\n\n<p>1. Em se tratando de Chamamentos p\u00fablicos, haver\u00e1 o monitoramento constante dos editais abertos, informando aos nossos clientes sobre as oportunidades oferecidas pelos \u00f3rg\u00e3os p\u00fablicos federais, estaduais, distritais e municipais, de acordo com sua \u00e1rea de atua\u00e7\u00e3o.<\/p>\n\n\n\n<p>Diante do interesse da entidade, ser\u00e1 realizado um estudo aprofundado do edital, em busca de eventuais irregularidades, com ado\u00e7\u00e3o das medidas legais cab\u00edveis para sua retifica\u00e7\u00e3o. A mesma aten\u00e7\u00e3o ser\u00e1 dada nos casos de publica\u00e7\u00f5es de dispensa e inexigibilidade de chamamento p\u00fablico, oportunidade em que ser\u00e3o verificados a possibilidade de participa\u00e7\u00e3o da entidade contratante e consequente corre\u00e7\u00e3o do v\u00edcio constatado (possibilidade de concorr\u00eancia, por exemplo) pelas vias administrativas ou judiciais.<\/p>\n\n\n\n<p>2. Em se tratando de Proponentes Espec\u00edficos (recursos pr\u00f3prios), estaremos atuando de forma a apresentar propostas de relevante interesse social, nas \u00e1reas de atua\u00e7\u00e3o da entidade contratada, na busca pela celebra\u00e7\u00e3o da parceria pretendida. Neste contexto, atuaremos especialmente nos seguintes pontos, sem abrir m\u00e3o das demais provid\u00eancias necess\u00e1rias:<\/p>\n\n\n\n<p>3. Quanto \u00e0 obten\u00e7\u00e3o de recursos de Emendas Parlamentares, buscamos estabelecer a correta, legal e \u00e9tica interlocu\u00e7\u00e3o e entre as entidades e Parlamentares mutuamente interessados na execu\u00e7\u00e3o da pol\u00edtica p\u00fablica, de relevante interesse social, na busca pela celebra\u00e7\u00e3o da parceria pretendida. Neste contexto, atuaremos especialmente nos seguintes pontos, sem abrir m\u00e3o das demais provid\u00eancias necess\u00e1rias. <strong><\/strong><\/p>\n\n\n\n<ul class=\"wp-block-list\">\n<li>Acompanhamento nos procedimentos de celebra\u00e7\u00e3o de Conv\u00eanios, Contratos de Repasse, Termos de Execu\u00e7\u00e3o Descentralizada, Termo de Fomento e de Colabora\u00e7\u00e3o, Termo de Coopera\u00e7\u00e3o, Termos de Compromissos, e demais instrumentos cong\u00eaneres, inclusive com monitoramento das fontes de recursos disponibilizados pela Uni\u00e3o, Estados, Distrito Federal e Munic\u00edpios.<\/li>\n<\/ul>\n\n\n\n<ul class=\"wp-block-list\">\n<li>Elabora\u00e7\u00e3o de propostas or\u00e7ament\u00e1rias &#8211; LOA\/LDO, e demais projetos de Lei de interesse do Munic\u00edpio.<\/li>\n<\/ul>\n\n\n\n<p>As propostas e projetos de lei, devem obedecer aos requisitos constitucionais e demais legisla\u00e7\u00f5es especiais. Neste sentido, considerando o corpo t\u00e9cnico e jur\u00eddico de nossa institui\u00e7\u00e3o, a proposta \u00e9 entregar projetos aptos \u00e0 aprova\u00e7\u00e3o.<\/p>\n\n\n\n<ul class=\"wp-block-list\">\n<li>Capta\u00e7\u00e3o de Recursos Federais e Estaduais para Atendimento de necessidades espec\u00edficas, por meio de Transfer\u00eancias Volunt\u00e1rias, Fundos Especiais e Leis de Incentivo;<ul><li>Elabora\u00e7\u00e3o de Editais de Licita\u00e7\u00e3o e Chamamento P\u00fablico, al\u00e9m do acompanhamento de todas as etapas do processo seletivo, at\u00e9 a celebra\u00e7\u00e3o do ajuste;<\/li><\/ul><ul><li>Elabora\u00e7\u00e3o de Projetos que visem a execu\u00e7\u00e3o de pol\u00edticas p\u00fablicas voltadas \u00e0 Assist\u00eancia Social, Sa\u00fade, Educa\u00e7\u00e3o, Esporte, Cultura, Saneamento, Infraestrutura, etc.<\/li><\/ul>\n<ul class=\"wp-block-list\">\n<li><strong>Consultoria Administrativa, Or\u00e7ament\u00e1ria e Jur\u00eddica permanente<\/strong> a entidades p\u00fablicas e privadas sem fins lucrativos. Esta assessoria envolve todos os servi\u00e7os b\u00e1sicos oferecidos pela empresa que estejam de acordo com os interesses e \u00e1rea de atua\u00e7\u00e3o da entidade.<\/li>\n<\/ul>\n<\/li>\n<\/ul>\n\n\n\n<ul class=\"wp-block-list\">\n<li>Marketing.\n<ul class=\"wp-block-list\">\n<li>Em v\u00e1rias situa\u00e7\u00f5es, a legisla\u00e7\u00e3o permite a divulga\u00e7\u00e3o dos executores das pol\u00edticas p\u00fablicas, inclusive com a utiliza\u00e7\u00e3o de parte dos recursos disponibilizados por estas entidades. Neste sentido, nossa empresa est\u00e1 preparada para orientar nossos clientes na forma de utiliza\u00e7\u00e3o desta importante ferramenta de execu\u00e7\u00e3o dessas pol\u00edticas, inclusive com a participa\u00e7\u00e3o de consultores de marketing parceiros.\u00a0<\/li>\n<\/ul>\n<\/li>\n\n\n\n<li>Cursos e Capacita\u00e7\u00f5es (especializados) personalizados ser\u00e3o disponibilizados \u00e0s entidades e organiza\u00e7\u00f5es, bem como aos profissionais que desejarem aprofundar-se nos mais variados temas de seu interesse dentro do escopo da nossa \u00e1rea de atua\u00e7\u00e3o, em especial para Gestores de Conv\u00eanios e Instrumentos relacionados, or\u00e7amentos, capta\u00e7\u00e3o de recursos, etc.;<\/li>\n\n\n\n<li>Correspond\u00eancia de escrit\u00f3rios de consultoria e assessoria independentes estabelecidos fora da Capital federal.\u00a0\u00a0<\/li>\n<\/ul>\n\n\n\n<p><strong><br><\/strong><\/p>\n\n\n\n<p><strong>Vantagens:<\/strong><\/p>\n\n\n\n<ul class=\"wp-block-list\">\n<li>Agilidade na elabora\u00e7\u00e3o dos projetos;<\/li>\n\n\n\n<li>Viabilidade do projeto (t\u00e9cnico, financeiro, jur\u00eddico, institucional, etc);<\/li>\n\n\n\n<li>Atendimento a exig\u00eancias legais;<\/li>\n\n\n\n<li>Maior agilidade concernente aos atendimentos com \u00f3rg\u00e3os concedentes, parlamentares e demais atores respons\u00e1veis pela distribui\u00e7\u00e3o de recursos, em raz\u00e3o da localiza\u00e7\u00e3o do escrit\u00f3rio em Bras\u00edlia;<\/li>\n\n\n\n<li>Para os entes p\u00fablicos e entidades privadas sem fins lucrativos, o monitoramento constante dos editais de licita\u00e7\u00e3o, chamamentos p\u00fablicos e concursos, oferecendo aos clientes as melhores oportunidades de capta\u00e7\u00e3o de recursos;<\/li>\n\n\n\n<li>Para as empresas privadas, al\u00e9m do monitoramento dos atos convocat\u00f3rios, acompanhamento constantes de todo o processo licitat\u00f3rio, como impugna\u00e7\u00e3o de editais dos resultados preliminares, al\u00e9m dos processos de dispensa e inexigibilidade de licita\u00e7\u00e3o, celebra\u00e7\u00e3o de contratos administrativos, termos aditivos, repactua\u00e7\u00f5es e reprograma\u00e7\u00f5es, apostilamentos, at\u00e9 a sua extin\u00e7\u00e3o com a correspondente presta\u00e7\u00e3o de contas;<\/li>\n\n\n\n<li>\u00a0Efetividade na execu\u00e7\u00e3o da pol\u00edtica p\u00fablica, uma vez que a proposta ser\u00e1 elaborada de forma vi\u00e1vel de acordo com as caracter\u00edsticas e diretrizes dos programas de cada entidade;<\/li>\n<\/ul>\n","protected":false},"excerpt":{"rendered":"<p>Estamos preparados para o monitoramento constante dos editais abertos, informando aos nossos clientes sobre as oportunidades de neg\u00f3cios oferecidas pelos \u00f3rg\u00e3os p\u00fablicos, de acordo com sua \u00e1rea de atua\u00e7\u00e3o. 1. Em se tratando de Chamamentos p\u00fablicos, haver\u00e1 o monitoramento constante dos editais abertos, informando aos nossos clientes sobre as oportunidades oferecidas pelos \u00f3rg\u00e3os p\u00fablicos federais, [&hellip;]<\/p>\n","protected":false},"author":1,"featured_media":0,"parent":0,"menu_order":0,"comment_status":"closed","ping_status":"closed","template":"","meta":{"_uag_custom_page_level_css":"","footnotes":""},"class_list":["post-100","page","type-page","status-publish","hentry"],"yoast_head":"<!-- This site is optimized with the Yoast SEO plugin v22.8 - https:\/\/yoast.com\/wordpress\/plugins\/seo\/ -->\n<title>Servi\u00e7os - SM Work Asessoria<\/title>\n<meta name=\"robots\" content=\"index, follow, max-snippet:-1, max-image-preview:large, max-video-preview:-1\" \/>\n<link rel=\"canonical\" href=\"https:\/\/smwork.com.br\/?page_id=100\" \/>\n<meta property=\"og:locale\" content=\"pt_BR\" \/>\n<meta property=\"og:type\" content=\"article\" \/>\n<meta property=\"og:title\" content=\"Servi\u00e7os - SM Work Asessoria\" \/>\n<meta property=\"og:description\" content=\"Estamos preparados para o monitoramento constante dos editais abertos, informando aos nossos clientes sobre as oportunidades de neg\u00f3cios oferecidas pelos \u00f3rg\u00e3os p\u00fablicos, de acordo com sua \u00e1rea de atua\u00e7\u00e3o. 1. Em se tratando de Chamamentos p\u00fablicos, haver\u00e1 o monitoramento constante dos editais abertos, informando aos nossos clientes sobre as oportunidades oferecidas pelos \u00f3rg\u00e3os p\u00fablicos federais, [&hellip;]\" \/>\n<meta property=\"og:url\" content=\"https:\/\/smwork.com.br\/?page_id=100\" \/>\n<meta property=\"og:site_name\" content=\"SM Work Asessoria\" \/>\n<meta property=\"article:modified_time\" content=\"2025-11-05T16:07:07+00:00\" \/>\n<meta property=\"og:image\" content=\"http:\/\/smwork.com.br\/wp-content\/uploads\/2025\/11\/img_barra_separadora-1024x10.jpg\" \/>\n<meta name=\"twitter:card\" content=\"summary_large_image\" \/>\n<meta name=\"twitter:label1\" content=\"Est. tempo de leitura\" \/>\n\t<meta name=\"twitter:data1\" content=\"5 minutos\" \/>\n<script type=\"application\/ld+json\" class=\"yoast-schema-graph\">{\"@context\":\"https:\/\/schema.org\",\"@graph\":[{\"@type\":\"WebPage\",\"@id\":\"https:\/\/smwork.com.br\/?page_id=100\",\"url\":\"https:\/\/smwork.com.br\/?page_id=100\",\"name\":\"Servi\u00e7os - SM Work Asessoria\",\"isPartOf\":{\"@id\":\"https:\/\/smwork.com.br\/#website\"},\"primaryImageOfPage\":{\"@id\":\"https:\/\/smwork.com.br\/?page_id=100#primaryimage\"},\"image\":{\"@id\":\"https:\/\/smwork.com.br\/?page_id=100#primaryimage\"},\"thumbnailUrl\":\"http:\/\/smwork.com.br\/wp-content\/uploads\/2025\/11\/img_barra_separadora-1024x10.jpg\",\"datePublished\":\"2025-11-05T16:07:06+00:00\",\"dateModified\":\"2025-11-05T16:07:07+00:00\",\"breadcrumb\":{\"@id\":\"https:\/\/smwork.com.br\/?page_id=100#breadcrumb\"},\"inLanguage\":\"pt-BR\",\"potentialAction\":[{\"@type\":\"ReadAction\",\"target\":[\"https:\/\/smwork.com.br\/?page_id=100\"]}]},{\"@type\":\"ImageObject\",\"inLanguage\":\"pt-BR\",\"@id\":\"https:\/\/smwork.com.br\/?page_id=100#primaryimage\",\"url\":\"https:\/\/smwork.com.br\/wp-content\/uploads\/2025\/11\/img_barra_separadora.jpg\",\"contentUrl\":\"https:\/\/smwork.com.br\/wp-content\/uploads\/2025\/11\/img_barra_separadora.jpg\",\"width\":1347,\"height\":13},{\"@type\":\"BreadcrumbList\",\"@id\":\"https:\/\/smwork.com.br\/?page_id=100#breadcrumb\",\"itemListElement\":[{\"@type\":\"ListItem\",\"position\":1,\"name\":\"Home\",\"item\":\"https:\/\/smwork.com.br\/\"},{\"@type\":\"ListItem\",\"position\":2,\"name\":\"Servi\u00e7os\"}]},{\"@type\":\"WebSite\",\"@id\":\"https:\/\/smwork.com.br\/#website\",\"url\":\"https:\/\/smwork.com.br\/\",\"name\":\"SM Work Asessoria\",\"description\":\"A SM Work Assessoria fica no Setor de Autarquias Sul Q. 4 Bloco A - Salas 909 a 912 - Asa Sul, Bras\u00edlia - DF, 70070-938\",\"publisher\":{\"@id\":\"https:\/\/smwork.com.br\/#organization\"},\"potentialAction\":[{\"@type\":\"SearchAction\",\"target\":{\"@type\":\"EntryPoint\",\"urlTemplate\":\"https:\/\/smwork.com.br\/?s={search_term_string}\"},\"query-input\":\"required name=search_term_string\"}],\"inLanguage\":\"pt-BR\"},{\"@type\":\"Organization\",\"@id\":\"https:\/\/smwork.com.br\/#organization\",\"name\":\"SM Work Asessoria\",\"url\":\"https:\/\/smwork.com.br\/\",\"logo\":{\"@type\":\"ImageObject\",\"inLanguage\":\"pt-BR\",\"@id\":\"https:\/\/smwork.com.br\/#\/schema\/logo\/image\/\",\"url\":\"https:\/\/smwork.com.br\/wp-content\/uploads\/2025\/11\/Img_NewLogoSmwork.png\",\"contentUrl\":\"https:\/\/smwork.com.br\/wp-content\/uploads\/2025\/11\/Img_NewLogoSmwork.png\",\"width\":592,\"height\":183,\"caption\":\"SM Work Asessoria\"},\"image\":{\"@id\":\"https:\/\/smwork.com.br\/#\/schema\/logo\/image\/\"}}]}<\/script>\n<!-- \/ Yoast SEO plugin. -->","yoast_head_json":{"title":"Servi\u00e7os - SM Work Asessoria","robots":{"index":"index","follow":"follow","max-snippet":"max-snippet:-1","max-image-preview":"max-image-preview:large","max-video-preview":"max-video-preview:-1"},"canonical":"https:\/\/smwork.com.br\/?page_id=100","og_locale":"pt_BR","og_type":"article","og_title":"Servi\u00e7os - SM Work Asessoria","og_description":"Estamos preparados para o monitoramento constante dos editais abertos, informando aos nossos clientes sobre as oportunidades de neg\u00f3cios oferecidas pelos \u00f3rg\u00e3os p\u00fablicos, de acordo com sua \u00e1rea de atua\u00e7\u00e3o. 1. Em se tratando de Chamamentos p\u00fablicos, haver\u00e1 o monitoramento constante dos editais abertos, informando aos nossos clientes sobre as oportunidades oferecidas pelos \u00f3rg\u00e3os p\u00fablicos federais, [&hellip;]","og_url":"https:\/\/smwork.com.br\/?page_id=100","og_site_name":"SM Work Asessoria","article_modified_time":"2025-11-05T16:07:07+00:00","og_image":[{"url":"http:\/\/smwork.com.br\/wp-content\/uploads\/2025\/11\/img_barra_separadora-1024x10.jpg"}],"twitter_card":"summary_large_image","twitter_misc":{"Est. tempo de leitura":"5 minutos"},"schema":{"@context":"https:\/\/schema.org","@graph":[{"@type":"WebPage","@id":"https:\/\/smwork.com.br\/?page_id=100","url":"https:\/\/smwork.com.br\/?page_id=100","name":"Servi\u00e7os - SM Work Asessoria","isPartOf":{"@id":"https:\/\/smwork.com.br\/#website"},"primaryImageOfPage":{"@id":"https:\/\/smwork.com.br\/?page_id=100#primaryimage"},"image":{"@id":"https:\/\/smwork.com.br\/?page_id=100#primaryimage"},"thumbnailUrl":"http:\/\/smwork.com.br\/wp-content\/uploads\/2025\/11\/img_barra_separadora-1024x10.jpg","datePublished":"2025-11-05T16:07:06+00:00","dateModified":"2025-11-05T16:07:07+00:00","breadcrumb":{"@id":"https:\/\/smwork.com.br\/?page_id=100#breadcrumb"},"inLanguage":"pt-BR","potentialAction":[{"@type":"ReadAction","target":["https:\/\/smwork.com.br\/?page_id=100"]}]},{"@type":"ImageObject","inLanguage":"pt-BR","@id":"https:\/\/smwork.com.br\/?page_id=100#primaryimage","url":"https:\/\/smwork.com.br\/wp-content\/uploads\/2025\/11\/img_barra_separadora.jpg","contentUrl":"https:\/\/smwork.com.br\/wp-content\/uploads\/2025\/11\/img_barra_separadora.jpg","width":1347,"height":13},{"@type":"BreadcrumbList","@id":"https:\/\/smwork.com.br\/?page_id=100#breadcrumb","itemListElement":[{"@type":"ListItem","position":1,"name":"Home","item":"https:\/\/smwork.com.br\/"},{"@type":"ListItem","position":2,"name":"Servi\u00e7os"}]},{"@type":"WebSite","@id":"https:\/\/smwork.com.br\/#website","url":"https:\/\/smwork.com.br\/","name":"SM Work Asessoria","description":"A SM Work Assessoria fica no Setor de Autarquias Sul Q. 4 Bloco A - Salas 909 a 912 - Asa Sul, Bras\u00edlia - DF, 70070-938","publisher":{"@id":"https:\/\/smwork.com.br\/#organization"},"potentialAction":[{"@type":"SearchAction","target":{"@type":"EntryPoint","urlTemplate":"https:\/\/smwork.com.br\/?s={search_term_string}"},"query-input":"required name=search_term_string"}],"inLanguage":"pt-BR"},{"@type":"Organization","@id":"https:\/\/smwork.com.br\/#organization","name":"SM Work Asessoria","url":"https:\/\/smwork.com.br\/","logo":{"@type":"ImageObject","inLanguage":"pt-BR","@id":"https:\/\/smwork.com.br\/#\/schema\/logo\/image\/","url":"https:\/\/smwork.com.br\/wp-content\/uploads\/2025\/11\/Img_NewLogoSmwork.png","contentUrl":"https:\/\/smwork.com.br\/wp-content\/uploads\/2025\/11\/Img_NewLogoSmwork.png","width":592,"height":183,"caption":"SM Work Asessoria"},"image":{"@id":"https:\/\/smwork.com.br\/#\/schema\/logo\/image\/"}}]}},"uagb_featured_image_src":{"full":false,"thumbnail":false,"medium":false,"medium_large":false,"large":false,"1536x1536":false,"2048x2048":false},"uagb_author_info":{"display_name":"jehielf","author_link":"https:\/\/smwork.com.br\/?author=1"},"uagb_comment_info":0,"uagb_excerpt":"Estamos preparados para o monitoramento constante dos editais abertos, informando aos nossos clientes sobre as oportunidades de neg\u00f3cios oferecidas pelos \u00f3rg\u00e3os p\u00fablicos, de acordo com sua \u00e1rea de atua\u00e7\u00e3o. 1. Em se tratando de Chamamentos p\u00fablicos, haver\u00e1 o monitoramento constante dos editais abertos, informando aos nossos clientes sobre as oportunidades oferecidas pelos \u00f3rg\u00e3os p\u00fablicos federais,&hellip;","_links":{"self":[{"href":"https:\/\/smwork.com.br\/index.php?rest_route=\/wp\/v2\/pages\/100","targetHints":{"allow":["GET"]}}],"collection":[{"href":"https:\/\/smwork.com.br\/index.php?rest_route=\/wp\/v2\/pages"}],"about":[{"href":"https:\/\/smwork.com.br\/index.php?rest_route=\/wp\/v2\/types\/page"}],"author":[{"embeddable":true,"href":"https:\/\/smwork.com.br\/index.php?rest_route=\/wp\/v2\/users\/1"}],"replies":[{"embeddable":true,"href":"https:\/\/smwork.com.br\/index.php?rest_route=%2Fwp%2Fv2%2Fcomments&post=100"}],"version-history":[{"count":1,"href":"https:\/\/smwork.com.br\/index.php?rest_route=\/wp\/v2\/pages\/100\/revisions"}],"predecessor-version":[{"id":101,"href":"https:\/\/smwork.com.br\/index.php?rest_route=\/wp\/v2\/pages\/100\/revisions\/101"}],"wp:attachment":[{"href":"https:\/\/smwork.com.br\/index.php?rest_route=%2Fwp%2Fv2%2Fmedia&parent=100"}],"curies":[{"name":"wp","href":"https:\/\/api.w.org\/{rel}","templated":true}]}}