{"id":327,"date":"2025-11-10T15:57:26","date_gmt":"2025-11-10T18:57:26","guid":{"rendered":"https:\/\/smwork.com.br\/?page_id=327"},"modified":"2025-11-10T15:57:28","modified_gmt":"2025-11-10T18:57:28","slug":"captacao-de-recursos","status":"publish","type":"page","link":"https:\/\/smwork.com.br\/?page_id=327","title":{"rendered":"Capta\u00e7\u00e3o de recursos"},"content":{"rendered":"\n<div class=\"wp-block-uagb-info-box uagb-block-d589d9e4 uagb-infobox__content-wrap  uagb-infobox-icon-above-title uagb-infobox-image-valign-top\"><div class=\"uagb-ifb-content\"><div class=\"uagb-ifb-icon-wrap\"><svg xmlns=\"https:\/\/www.w3.org\/2000\/svg\" viewBox=\"0 0 512 512\"><path d=\"M0 256C0 114.6 114.6 0 256 0C397.4 0 512 114.6 512 256C512 397.4 397.4 512 256 512C114.6 512 0 397.4 0 256zM371.8 211.8C382.7 200.9 382.7 183.1 371.8 172.2C360.9 161.3 343.1 161.3 332.2 172.2L224 280.4L179.8 236.2C168.9 225.3 151.1 225.3 140.2 236.2C129.3 247.1 129.3 264.9 140.2 275.8L204.2 339.8C215.1 350.7 232.9 350.7 243.8 339.8L371.8 211.8z\"><\/path><\/svg><\/div><div class=\"uagb-ifb-title-wrap\"><\/div><p class=\"uagb-ifb-desc\">A <em>SM Work<\/em> presta assessoria para a obten\u00e7\u00e3o de recursos oriundos de Transfer\u00eancias Volunt\u00e1rias, seja por meio de Editais de Chamamento P\u00fablico, Proponentes Espec\u00edficos (Recursos Pr\u00f3prios), Emendas Parlamentares, Leis de Incentivo, sem preju\u00edzo de outras fontes de recursos dispon\u00edveis, tais como aquelas oriundas de empresas privadas e organismos internacionais.<br>\u00a0<br>Neste sentido, buscamos entender as peculiaridades dos projetos executados por nossos clientes, visando agregar novas estrat\u00e9gias de apresenta\u00e7\u00e3o (Road Show) a poss\u00edveis fomentadores e stakeholders, de modo a viabilizar financeiramente a sua execu\u00e7\u00e3o.<br>\u00a0<br>\u00a0<br><strong>Chamamento P\u00fablico<\/strong><br>\u00a0<br>Monitoramento constante dos editais abertos, informando aos clientes sobre as oportunidades oferecidas pelos \u00f3rg\u00e3os p\u00fablicos federais de acordo com sua \u00e1rea de atua\u00e7\u00e3o.<br>\u00a0<br>\u00a0<br><strong>Proponentes Espec\u00edficos<\/strong><br>\u00a0<br>Apresenta\u00e7\u00e3o de propostas de relevante interesse social, nas \u00e1reas de atua\u00e7\u00e3o da entidade, na busca pela celebra\u00e7\u00e3o da parceria pretendida perante \u00f3rg\u00e3os da Administra\u00e7\u00e3o P\u00fablica Direta que possuem compet\u00eancia para a descentraliza\u00e7\u00e3o de recursos.<br>\u00a0<br><strong>Emendas Parlamentares<\/strong><br>\u00a0<br>Estabelecimento da correta, legal e \u00e9tica interlocu\u00e7\u00e3o e entre as entidades e Parlamentares mutuamente interessados na execu\u00e7\u00e3o da pol\u00edtica p\u00fablica, de relevante interesse social, na busca pela celebra\u00e7\u00e3o da parceria pretendida.<br>\u00a0<br><strong>Leis de Incentivo<\/strong><br>\u00a0<br>Apresenta\u00e7\u00e3o de projetos condizentes com as Leis Incentivadas, nas \u00e1reas de atua\u00e7\u00e3o da entidade, a exemplo da Lei de Incentivo ao Esporte e da <a href=\"http:\/\/leideincentivoacultura.cultura.gov.br\/\">Lei de Incentivo \u00e0 Cultura<\/a> (Lei Rouanet).<\/p><\/div><\/div>\n","protected":false},"excerpt":{"rendered":"","protected":false},"author":1,"featured_media":0,"parent":0,"menu_order":0,"comment_status":"closed","ping_status":"closed","template":"","meta":{"_uag_custom_page_level_css":"","footnotes":""},"class_list":["post-327","page","type-page","status-publish","hentry"],"yoast_head":"<!-- This site is optimized with the Yoast SEO plugin v22.8 - https:\/\/yoast.com\/wordpress\/plugins\/seo\/ -->\n<title>Capta\u00e7\u00e3o de recursos - SM Work Asessoria<\/title>\n<meta name=\"robots\" content=\"index, follow, max-snippet:-1, max-image-preview:large, max-video-preview:-1\" \/>\n<link rel=\"canonical\" href=\"https:\/\/smwork.com.br\/?page_id=327\" \/>\n<meta property=\"og:locale\" content=\"pt_BR\" \/>\n<meta property=\"og:type\" content=\"article\" \/>\n<meta property=\"og:title\" content=\"Capta\u00e7\u00e3o de recursos - SM Work Asessoria\" \/>\n<meta property=\"og:url\" content=\"https:\/\/smwork.com.br\/?page_id=327\" \/>\n<meta property=\"og:site_name\" content=\"SM Work Asessoria\" \/>\n<meta property=\"article:modified_time\" content=\"2025-11-10T18:57:28+00:00\" \/>\n<meta name=\"twitter:card\" content=\"summary_large_image\" \/>\n<meta name=\"twitter:label1\" content=\"Est. tempo de leitura\" \/>\n\t<meta name=\"twitter:data1\" content=\"2 minutos\" \/>\n<script type=\"application\/ld+json\" class=\"yoast-schema-graph\">{\"@context\":\"https:\/\/schema.org\",\"@graph\":[{\"@type\":\"WebPage\",\"@id\":\"https:\/\/smwork.com.br\/?page_id=327\",\"url\":\"https:\/\/smwork.com.br\/?page_id=327\",\"name\":\"Capta\u00e7\u00e3o de recursos - SM Work Asessoria\",\"isPartOf\":{\"@id\":\"https:\/\/smwork.com.br\/#website\"},\"datePublished\":\"2025-11-10T18:57:26+00:00\",\"dateModified\":\"2025-11-10T18:57:28+00:00\",\"breadcrumb\":{\"@id\":\"https:\/\/smwork.com.br\/?page_id=327#breadcrumb\"},\"inLanguage\":\"pt-BR\",\"potentialAction\":[{\"@type\":\"ReadAction\",\"target\":[\"https:\/\/smwork.com.br\/?page_id=327\"]}]},{\"@type\":\"BreadcrumbList\",\"@id\":\"https:\/\/smwork.com.br\/?page_id=327#breadcrumb\",\"itemListElement\":[{\"@type\":\"ListItem\",\"position\":1,\"name\":\"Home\",\"item\":\"https:\/\/smwork.com.br\/\"},{\"@type\":\"ListItem\",\"position\":2,\"name\":\"Capta\u00e7\u00e3o de recursos\"}]},{\"@type\":\"WebSite\",\"@id\":\"https:\/\/smwork.com.br\/#website\",\"url\":\"https:\/\/smwork.com.br\/\",\"name\":\"SM Work Asessoria\",\"description\":\"A SM Work Assessoria fica no Setor de Autarquias Sul Q. 4 Bloco A - Salas 909 a 912 - Asa Sul, Bras\u00edlia - DF, 70070-938\",\"publisher\":{\"@id\":\"https:\/\/smwork.com.br\/#organization\"},\"potentialAction\":[{\"@type\":\"SearchAction\",\"target\":{\"@type\":\"EntryPoint\",\"urlTemplate\":\"https:\/\/smwork.com.br\/?s={search_term_string}\"},\"query-input\":\"required name=search_term_string\"}],\"inLanguage\":\"pt-BR\"},{\"@type\":\"Organization\",\"@id\":\"https:\/\/smwork.com.br\/#organization\",\"name\":\"SM Work Asessoria\",\"url\":\"https:\/\/smwork.com.br\/\",\"logo\":{\"@type\":\"ImageObject\",\"inLanguage\":\"pt-BR\",\"@id\":\"https:\/\/smwork.com.br\/#\/schema\/logo\/image\/\",\"url\":\"https:\/\/smwork.com.br\/wp-content\/uploads\/2025\/11\/Img_NewLogoSmwork.png\",\"contentUrl\":\"https:\/\/smwork.com.br\/wp-content\/uploads\/2025\/11\/Img_NewLogoSmwork.png\",\"width\":592,\"height\":183,\"caption\":\"SM Work Asessoria\"},\"image\":{\"@id\":\"https:\/\/smwork.com.br\/#\/schema\/logo\/image\/\"}}]}<\/script>\n<!-- \/ Yoast SEO plugin. -->","yoast_head_json":{"title":"Capta\u00e7\u00e3o de recursos - SM Work Asessoria","robots":{"index":"index","follow":"follow","max-snippet":"max-snippet:-1","max-image-preview":"max-image-preview:large","max-video-preview":"max-video-preview:-1"},"canonical":"https:\/\/smwork.com.br\/?page_id=327","og_locale":"pt_BR","og_type":"article","og_title":"Capta\u00e7\u00e3o de recursos - SM Work Asessoria","og_url":"https:\/\/smwork.com.br\/?page_id=327","og_site_name":"SM Work Asessoria","article_modified_time":"2025-11-10T18:57:28+00:00","twitter_card":"summary_large_image","twitter_misc":{"Est. tempo de leitura":"2 minutos"},"schema":{"@context":"https:\/\/schema.org","@graph":[{"@type":"WebPage","@id":"https:\/\/smwork.com.br\/?page_id=327","url":"https:\/\/smwork.com.br\/?page_id=327","name":"Capta\u00e7\u00e3o de recursos - SM Work Asessoria","isPartOf":{"@id":"https:\/\/smwork.com.br\/#website"},"datePublished":"2025-11-10T18:57:26+00:00","dateModified":"2025-11-10T18:57:28+00:00","breadcrumb":{"@id":"https:\/\/smwork.com.br\/?page_id=327#breadcrumb"},"inLanguage":"pt-BR","potentialAction":[{"@type":"ReadAction","target":["https:\/\/smwork.com.br\/?page_id=327"]}]},{"@type":"BreadcrumbList","@id":"https:\/\/smwork.com.br\/?page_id=327#breadcrumb","itemListElement":[{"@type":"ListItem","position":1,"name":"Home","item":"https:\/\/smwork.com.br\/"},{"@type":"ListItem","position":2,"name":"Capta\u00e7\u00e3o de recursos"}]},{"@type":"WebSite","@id":"https:\/\/smwork.com.br\/#website","url":"https:\/\/smwork.com.br\/","name":"SM Work Asessoria","description":"A SM Work Assessoria fica no Setor de Autarquias Sul Q. 4 Bloco A - Salas 909 a 912 - Asa Sul, Bras\u00edlia - DF, 70070-938","publisher":{"@id":"https:\/\/smwork.com.br\/#organization"},"potentialAction":[{"@type":"SearchAction","target":{"@type":"EntryPoint","urlTemplate":"https:\/\/smwork.com.br\/?s={search_term_string}"},"query-input":"required name=search_term_string"}],"inLanguage":"pt-BR"},{"@type":"Organization","@id":"https:\/\/smwork.com.br\/#organization","name":"SM Work Asessoria","url":"https:\/\/smwork.com.br\/","logo":{"@type":"ImageObject","inLanguage":"pt-BR","@id":"https:\/\/smwork.com.br\/#\/schema\/logo\/image\/","url":"https:\/\/smwork.com.br\/wp-content\/uploads\/2025\/11\/Img_NewLogoSmwork.png","contentUrl":"https:\/\/smwork.com.br\/wp-content\/uploads\/2025\/11\/Img_NewLogoSmwork.png","width":592,"height":183,"caption":"SM Work Asessoria"},"image":{"@id":"https:\/\/smwork.com.br\/#\/schema\/logo\/image\/"}}]}},"uagb_featured_image_src":{"full":false,"thumbnail":false,"medium":false,"medium_large":false,"large":false,"1536x1536":false,"2048x2048":false},"uagb_author_info":{"display_name":"jehielf","author_link":"https:\/\/smwork.com.br\/?author=1"},"uagb_comment_info":0,"uagb_excerpt":null,"_links":{"self":[{"href":"https:\/\/smwork.com.br\/index.php?rest_route=\/wp\/v2\/pages\/327","targetHints":{"allow":["GET"]}}],"collection":[{"href":"https:\/\/smwork.com.br\/index.php?rest_route=\/wp\/v2\/pages"}],"about":[{"href":"https:\/\/smwork.com.br\/index.php?rest_route=\/wp\/v2\/types\/page"}],"author":[{"embeddable":true,"href":"https:\/\/smwork.com.br\/index.php?rest_route=\/wp\/v2\/users\/1"}],"replies":[{"embeddable":true,"href":"https:\/\/smwork.com.br\/index.php?rest_route=%2Fwp%2Fv2%2Fcomments&post=327"}],"version-history":[{"count":1,"href":"https:\/\/smwork.com.br\/index.php?rest_route=\/wp\/v2\/pages\/327\/revisions"}],"predecessor-version":[{"id":329,"href":"https:\/\/smwork.com.br\/index.php?rest_route=\/wp\/v2\/pages\/327\/revisions\/329"}],"wp:attachment":[{"href":"https:\/\/smwork.com.br\/index.php?rest_route=%2Fwp%2Fv2%2Fmedia&parent=327"}],"curies":[{"name":"wp","href":"https:\/\/api.w.org\/{rel}","templated":true}]}}